78
In base 6, what is 35044 - -153?
35241
In base 13, what is 4a0a2 - 1?
4a0a1
In base 12, what is 33 - -175b1?
17624
In base 14, what is -70c - 45c?
-b6a
In base 16, what is 102878 + -1?
102877
In base 12, what is 19554 + -3?
19551
In base 4, what is 122032232 + -3?
122032223
In base 7, what is -46011 - 12?
-46023
In base 6, what is 4 - -401253?
401301
In base 15, what is 71e + 3c4?
ae3
In base 3, what is -1 + -110212122?
-110212200
In base 12, what is -764 - 22?
-786
In base 7, what is -5 - -315212?
315204
In base 14, what is 20b96 + -4?
20b92
In base 14, what is 1 - 292d?
-292c
In base 12, what is 96065 + -3?
96062
In base 15, what is 2e2 + -272?
70
In base 12, what is -3b104 + 1?
-3b103
In base 9, what is -4 - 5772?
-5776
In base 4, what is -20202 + 30301?
10033
In base 5, what is -14304 - 30231?
-100040
In base 13, what is 7506 + -11?
74c5
In base 15, what is 7 - -3e26?
3e2d
In base 5, what is -31412 - 10403?
-42320
In base 4, what is -1131011131 + -23?
-1131011220
In base 2, what is -1001010 - -10000101?
111011
In base 12, what is 1 + a8964?
a8965
In base 2, what is 10011110000000 - -111111?
10011110111111
In base 16, what is 8 + -4a6?
-49e
In base 11, what is 0 - -9897?
9897
In base 13, what is -1c55 - 2?
-1c57
In base 12, what is -16122 + 1?
-16121
In base 15, what is -5 - -aa2b5?
aa2b0
In base 14, what is 95a + 16?
972
In base 6, what is 55 + 11042?
11141
In base 11, what is -18275 + -25?
-1829a
In base 12, what is 201050 - -3?
201053
In base 10, what is -5 + 114230?
114225
In base 12, what is 7202 - -14?
7216
In base 5, what is -4 + -1003342?
-1003401
In base 9, what is 2 - 8001?
-7888
In base 6, what is 502334 + 12?
502350
In base 7, what is 46 + 6326?
6405
In base 5, what is -10 - 30330004?
-30330014
In base 4, what is 1112010 + 1?
1112011
In base 2, what is 0 + 1110011011001?
1110011011001
In base 9, what is -1102 - -702?
-300
In base 6, what is -5202 - -121?
-5041
In base 16, what is -53 - b881?
-b8d4
In base 2, what is -11111 - 101000010111?
-101000110110
In base 4, what is -133130330 - 2?
-133130332
In base 6, what is 45454 - 240?
45214
In base 16, what is -4dab - -5?
-4da6
In base 10, what is 65217 + 5?
65222
In base 5, what is 3 + 1221?
1224
In base 9, what is -11553 - -72?
-11471
In base 9, what is -133 - 104?
-237
In base 3, what is 1011211 - -1001?
1012212
In base 4, what is 31123 - 22?
31101
In base 10, what is 1167 + -792?
375
In base 3, what is 1000210 - 1111100?
-110120
In base 14, what is 2d746 + -d?
2d737
In base 11, what is 19 - -14275?
14293
In base 2, what is 110001110011101010110 + -10?
110001110011101010100
In base 4, what is 113 - 3302?
-3123
In base 5, what is -30423 + -3240?
-34213
In base 15, what is -5 - -26168?
26163
In base 13, what is -76 - -1c9?
153
In base 16, what is 0 + 1c8c1?
1c8c1
In base 13, what is -15466 + 0?
-15466
In base 12, what is -7780 + -33?
-77b3
In base 4, what is 1030 - 313113?
-312023
In base 12, what is 11321 + 47?
11368
In base 3, what is 0 + -1201021?
-1201021
In base 8, what is 4 - -72116?
72122
In base 2, what is -101111100010 - -10001000010?
-11110100000
In base 2, what is -10 - -101011001111000?
101011001110110
In base 8, what is 300402 + 1?
300403
In base 2, what is 10001000011000110 + 10?
10001000011001000
In base 12, what is 10a9 + b55?
2042
In base 7, what is -163 - 1010?
-1203
In base 4, what is 230002 - 2?
230000
In base 3, what is 1022002011 + -10?
1022002001
In base 7, what is 302365 - -1?
302366
In base 14, what is -92 + 49a?
408
In base 14, what is -64b - -29a?
-391
In base 8, what is 6 - 1157247?
-1157241
In base 3, what is -120 + 110000201?
110000011
In base 5, what is 4230 + 320?
10100
In base 4, what is -11213010 + -30?
-11213100
In base 5, what is -34122 + 1140?
-32432
In base 6, what is 4224 - 101?
4123
In base 7, what is 51 - -332035?
332116
In base 6, what is -14040 - 5?
-14045
In base 6, what is 1212 + 13200?
14412
In base 8, what is -10360 + -277?
-10657
In base 5, what is 23 + 21342230?
21342303
In base 12, what is -53b04 + 2?
-53b02
In base 10, what is 7 + 155994?
156001
In base 9, what is -5368388 + 3?
-5368385
In base 16, what is 33aa - -1?
33ab
In base 3, what is -2 + 20002011?
20002002
In base 11, what is -119938 - 0?
-119938
In base 2, what is 10111001000010000 + -110?
10111001000001010
In base 15, what is -8 + 590b3?
590aa
In base 11, what is 328 - 2760?
-2433
In base 14, what is -5 + -3352?
-3357
In base 11, what is -13 - 5141?
-5154
In base 10, what is 0 - 32661?
-32661
In base 2, what is -1101011 + 1001110001111?
1001100100100
In base 10, what is 56479 + 8?
56487
In base 15, what is 491 + 28?
4b9
In base 3, what is 11100 + 1012222?
1101022
In base 8, what is -7 + 12172?
12163
In base 4, what is 1202 + -203121?
-201313
In base 15, what is -ca - -5?
-c5
In base 15, what is 1 + -dd18?
-dd17
In base 8, what is -4 - 126145?
-126151
In base 6, what is 204 - -234503?
235111
In base 15, what is -3019 + 5?
-3014
In base 4, what is 203003 + 2130?
211133
In base 10, what is 8 - 22799?
-22791
In base 7, what is -2 + 1050051?
1050046
In base 4, what is -31033 - 100?
-31133
In base 15, what is -1 - -10de0c?
10de0b
In base 12, what is 5 + 4b21?
4b26
In base 10, what is 793083 - -3?
793086
In base 14, what is -3 - -740?
73b
In base 6, what is -34 - 454121?
-454155
In base 11, what is -4 + 48642?
48639
In base 3, what is -120 - -1110221?
1110101
In base 6, what is -504255 - 1?
-504300
In base 10, what is 0 + -915392?
-915392
In base 11, what is 1056 + 108?
1163
In base 13, what is -b42 + -37?
-b79
In base 7, what is -166 - -2545?
2346
In base 2, what is 1010001011 - -10000110?
1100010001
In base 6, what is 31 + -1555524?
-1555453
In base 7, what is -463052 + 14?
-463035
In base 9, what is -681548 + -1?
-681550
In base 3, what is -2122201111012 + 1?
-2122201111011
In base 9, what is -5611 - 16?
-5627
In base 11, what is 3172922 + 1?
3172923
In base 6, what is 53421 + 1051?
54512
In base 11, what is 1557998 + 5?
15579a2
In base 15, what is -8761 + 0?
-8761
In base 11, what is -3 + 11553?
11550
In base 13, what is 4 - -201a53?
201a57
In base 7, what is 35234 + 5?
35242
In base 12, what is 51 + 21?
72
In base 14, what is 9 - 17a70?
-17a65
In base 14, what is -d + 48413?
48404
In base 4, what is 10 - 13013223?
-13013213
In base 6, what is -143201 - -554?
-142203
In base 5, what is 1430 - -22?
2002
In base 10, what is 1705065 + -2?
1705063
In base 11, what is 3982 - 3?
397a
In base 11, what is -9 + -88740?
-88749
In base 8, what is -12407 - 601?
-13210
In base 13, what is 420ca - -1?
420cb
In base 15, what is -5008e - -3?
-5008b
In base 16, what is -e2 + -307?
-3e9
In base 16, what is 74d6 - -d?
74e3
In base 6, what is -42415 - -30?
-42345
In base 2, what is -10011100111101 - 1011?
-10011101001000
In base 11, what is -248163 + -1?
-248164
In base 16, what is 177 - -183d?
19b4
In base 12, what is 13 - -17516a?
175181
In base 9, what is -1 + 300742?
300741
In base 5, what is -2343 + 1423?
-420
In base 11, what is 6 - 1444?
-1439
In base 6, what is 124030 - 150?
123440
In base 11, what is 36 + -1919?
-1893
In base 13, what is 9047 + -2?
9045
In base 13, what is -19c + b06?
937
In base 5, what is -244 - 1124244?
-1130043
In base 14, what is -570 - 20?
-590
In base 5, what is 0 - 20220244?
-20220244
In base 16, what is 4dfb + -3?
4df8
In base 6, what is -2021253 + -25?
-2021322
In base 11, what is -30235 + -1a?
-30254
In base 7, what is 2 + 1211636?
1211641
In base 4, what is 123233110 + 13?
123233123
In base 12, what is -b629 + -6?
-b633
In base 11, what is 32 - -7105?
7137
In base 15, what is -e - -139?
12a
In base 10, what is -52925 + -6?
-52931
In base 3, what is 2000 - 1222011?
-1220011
In base 6, what is 4322534 + 1?
4322535
In base 2, what is 110100100000 + 101000?
110101001000
In base 7, what is 642261 + -15?
642243
In base 15, what is -4 + 951?
94c
In base 7, what is 0 - -2005451?
2005451
In base 10, what is 2 + -68419?
-68417
In base 7, what is 2134015 + -5?
2134010
In base 14, what is -19 - -18d1?
18b6
In base 4, what is 10120332 - 103?
10120223
In base 3, what is -21000 - -10012110?
2221110
In base 12, what is 51 + 197?
228
In base 4, what is -1032323 - 322?
-1033311
In base 14, what is 8758 + 2?
875a
In base 15, what is 19 - -173d7?
17401
In base 4, what is